{"id":273,"date":"2018-07-19T20:54:24","date_gmt":"2018-07-19T20:54:24","guid":{"rendered":"http:\/\/www.sdtonline.net\/SDTWeb\/?page_id=273"},"modified":"2022-10-12T22:56:43","modified_gmt":"2022-10-12T22:56:43","slug":"eventos-y-calendarios","status":"publish","type":"page","link":"https:\/\/www.sdtonline.net\/SDTWeb\/eventos-y-calendarios\/","title":{"rendered":"Eventos y Calendarios"},"content":{"rendered":"<h1>\u00a1Consulta nuestro calendario de cursos!<\/h1>\n<p>\t\t\t<a href=\"http:\/\/web.sdtpr.com\/pls\/external\/sdt_prtal_calendar_table?p_div=1&#038;p_logo=1&#038;forma=0&#038;mes=October\" target=\"_blank\" role=\"button\" rel=\"noopener\"><br \/>\n\t\t\t\t\t\tVer Calendario<br \/>\n\t\t\t\t\t<\/a><br \/>\n\t\t\t<a href=\"http:\/\/web.sdtpr.com\/pls\/external\/sdt_prtal_all_calendar?p_div=1&#038;p_logo=1\" target=\"_blank\" role=\"button\" rel=\"noopener\"><br \/>\n\t\t\t\t\t\tListado de Cursos<br \/>\n\t\t\t\t\t<\/a><br \/>\n\t\t\t<a href=\"http:\/\/web.sdtpr.com\/pls\/external\/sdt_prtal_track?p_div=1\" target=\"_blank\" role=\"button\" rel=\"noopener\"><br \/>\n\t\t\t\t\t\tEspeciales y Conjuntos<br \/>\n\t\t\t\t\t<\/a><br \/>\n\t\t\t<a href=\"http:\/\/web.sdtpr.com\/pls\/external\/SDT_PRTAL_MARCA_NIVEL?p_div=1&#038;p_logo=1\" target=\"_blank\" role=\"button\" rel=\"noopener\"><br \/>\n\t\t\t\t\t\tBusqueda Avanzada<br \/>\n\t\t\t\t\t<\/a><br \/>\n\t\t\t\t\t\t\t\t\t\t\t\t\t\t\t<img decoding=\"async\" width=\"1262\" height=\"836\" src=\"https:\/\/www.sdtonline.net\/SDTWeb\/wp-content\/uploads\/2019\/11\/shutterstock_112692412.jpg\" alt=\"\" loading=\"lazy\" srcset=\"https:\/\/www.sdtonline.net\/SDTWeb\/wp-content\/uploads\/2019\/11\/shutterstock_112692412.jpg 1262w, https:\/\/www.sdtonline.net\/SDTWeb\/wp-content\/uploads\/2019\/11\/shutterstock_112692412-300x199.jpg 300w, https:\/\/www.sdtonline.net\/SDTWeb\/wp-content\/uploads\/2019\/11\/shutterstock_112692412-768x509.jpg 768w, https:\/\/www.sdtonline.net\/SDTWeb\/wp-content\/uploads\/2019\/11\/shutterstock_112692412-1024x678.jpg 1024w, https:\/\/www.sdtonline.net\/SDTWeb\/wp-content\/uploads\/2019\/11\/shutterstock_112692412-330x220.jpg 330w\" sizes=\"auto, (max-width: 1262px) 100vw, 1262px\" \/>\t\t\t\t\t\t\t\t\t\t\t\t\t\t\t<\/p>\n<h1>Cont\u00e1ctanos<\/h1>\n<p>\t\t\t\t<a href=\"mailto:info@sdtpr.com\" target=\"_blank\" rel=\"noopener\"><br \/>\n\t\t\t\t\t\t\t\t<\/a><\/p>\n<h3>\n\t\t\t\t\t<a href=\"mailto:info@sdtpr.com\" target=\"_blank\" rel=\"noopener\"><br \/>\n\t\t\t\t\t\tInformaci\u00f3n\t\t\t\t\t<\/a><br \/>\n\t\t\t\t<\/h3>\n<p>\t\t\t\t<a href=\"mailto:help@sdtpr.com\"><br \/>\n\t\t\t\t\t\t\t\t<\/a><\/p>\n<h3>\n\t\t\t\t\t<a href=\"mailto:help@sdtpr.com\" ><br \/>\n\t\t\t\t\t\tApoyo y Asesor\u00eda\t\t\t\t\t<\/a><br \/>\n\t\t\t\t<\/h3>\n<h3>\n\t\t\t\t\t\tWebmaster<br \/>\n\t\t\t\t<\/h3>\n<h3>\n\t\t\t\t\t\tPUR: (787)589-8080 MIA: (305)390-0083<br \/>\n\t\t\t\t<\/h3>\n<h3>\n\t\t\t\t\t\tSDT Learning, Corp. PO Box 367698 San Juan PR 00936<br \/>\n\t\t\t\t<\/h3>\n","protected":false},"excerpt":{"rendered":"<p>\u00a1Consulta nuestro calendario de cursos! Ver Calendario Listado de Cursos Especiales y Conjuntos Busqueda Avanzada Cont\u00e1ctanos Informaci\u00f3n Apoyo y Asesor\u00eda Webmaster PUR: (787)589-8080 MIA: (305)390-0083 SDT Learning, Corp. PO Box 367698 San Juan PR 00936<\/p>\n","protected":false},"author":1,"featured_media":0,"parent":0,"menu_order":0,"comment_status":"closed","ping_status":"closed","template":"elementor_theme","meta":{"footnotes":""},"class_list":["post-273","page","type-page","status-publish","hentry"],"_links":{"self":[{"href":"https:\/\/www.sdtonline.net\/SDTWeb\/wp-json\/wp\/v2\/pages\/273","targetHints":{"allow":["GET"]}}],"collection":[{"href":"https:\/\/www.sdtonline.net\/SDTWeb\/wp-json\/wp\/v2\/pages"}],"about":[{"href":"https:\/\/www.sdtonline.net\/SDTWeb\/wp-json\/wp\/v2\/types\/page"}],"author":[{"embeddable":true,"href":"https:\/\/www.sdtonline.net\/SDTWeb\/wp-json\/wp\/v2\/users\/1"}],"replies":[{"embeddable":true,"href":"https:\/\/www.sdtonline.net\/SDTWeb\/wp-json\/wp\/v2\/comments?post=273"}],"version-history":[{"count":68,"href":"https:\/\/www.sdtonline.net\/SDTWeb\/wp-json\/wp\/v2\/pages\/273\/revisions"}],"predecessor-version":[{"id":1207,"href":"https:\/\/www.sdtonline.net\/SDTWeb\/wp-json\/wp\/v2\/pages\/273\/revisions\/1207"}],"wp:attachment":[{"href":"https:\/\/www.sdtonline.net\/SDTWeb\/wp-json\/wp\/v2\/media?parent=273"}],"curies":[{"name":"wp","href":"https:\/\/api.w.org\/{rel}","templated":true}]}}